{"id":5088,"date":"2025-04-03T23:23:45","date_gmt":"2025-04-03T21:23:45","guid":{"rendered":"https:\/\/centrebureautique.com\/?page_id=5088"},"modified":"2026-01-09T14:11:25","modified_gmt":"2026-01-09T13:11:25","slug":"a-propos-de-nous","status":"publish","type":"page","link":"https:\/\/centrebureautique.com\/index.php\/a-propos-de-nous\/","title":{"rendered":"\u00c0 propos de nous"},"content":{"rendered":"\t\t<div data-elementor-type=\"wp-page\" data-elementor-id=\"5088\" class=\"elementor elementor-5088\" data-elementor-post-type=\"page\">\n\t\t\t\t<div class=\"elementor-element elementor-element-6ada174 e-flex e-con-boxed e-con e-parent\" data-id=\"6ada174\" data-element_type=\"container\" data-e-type=\"container\">\n\t\t\t\t\t<div class=\"e-con-inner\">\n\t\t\t\t<div class=\"elementor-element elementor-element-6c8819b elementor-widget elementor-widget-spacer\" data-id=\"6c8819b\" data-element_type=\"widget\" data-e-type=\"widget\" data-widget_type=\"spacer.default\">\n\t\t\t\t<div class=\"elementor-widget-container\">\n\t\t\t\t\t\t\t<div class=\"elementor-spacer\">\n\t\t\t<div class=\"elementor-spacer-inner\"><\/div>\n\t\t<\/div>\n\t\t\t\t\t\t<\/div>\n\t\t\t\t<\/div>\n\t\t\t\t\t<\/div>\n\t\t\t\t<\/div>\n\t\t<div class=\"elementor-element elementor-element-60019c0 e-grid e-con-boxed e-con e-parent\" data-id=\"60019c0\" data-element_type=\"container\" data-e-type=\"container\">\n\t\t\t\t\t<div class=\"e-con-inner\">\n\t\t\t\t<div class=\"elementor-element elementor-element-c988dfb elementor-widget elementor-widget-image\" data-id=\"c988dfb\" data-element_type=\"widget\" data-e-type=\"widget\" data-widget_type=\"image.default\">\n\t\t\t\t<div class=\"elementor-widget-container\">\n\t\t\t\t\t\t\t\t\t\t\t\t\t\t\t<img fetchpriority=\"high\" decoding=\"async\" width=\"1536\" height=\"1257\" src=\"https:\/\/centrebureautique.com\/wp-content\/uploads\/2025\/12\/CentreBureautique_056_web150dpi-scaled-e1764786068880-1536x1257.jpg\" class=\"attachment-1536x1536 size-1536x1536 wp-image-5402\" alt=\"\" srcset=\"https:\/\/centrebureautique.com\/wp-content\/uploads\/2025\/12\/CentreBureautique_056_web150dpi-scaled-e1764786068880-1536x1257.jpg 1536w, https:\/\/centrebureautique.com\/wp-content\/uploads\/2025\/12\/CentreBureautique_056_web150dpi-scaled-e1764786068880-300x246.jpg 300w, https:\/\/centrebureautique.com\/wp-content\/uploads\/2025\/12\/CentreBureautique_056_web150dpi-scaled-e1764786068880-1024x838.jpg 1024w, https:\/\/centrebureautique.com\/wp-content\/uploads\/2025\/12\/CentreBureautique_056_web150dpi-scaled-e1764786068880-768x629.jpg 768w, https:\/\/centrebureautique.com\/wp-content\/uploads\/2025\/12\/CentreBureautique_056_web150dpi-scaled-e1764786068880.jpg 2022w\" sizes=\"(max-width: 1536px) 100vw, 1536px\" \/>\t\t\t\t\t\t\t\t\t\t\t\t\t\t\t<\/div>\n\t\t\t\t<\/div>\n\t\t\t\t<div class=\"elementor-element elementor-element-af2b632 elementor-widget elementor-widget-text-editor\" data-id=\"af2b632\" data-element_type=\"widget\" data-e-type=\"widget\" data-widget_type=\"text-editor.default\">\n\t\t\t\t<div class=\"elementor-widget-container\">\n\t\t\t\t\t\t\t\t\t<h3 data-start=\"259\" data-end=\"442\">Depuis 1988, <strong data-start=\"282\" data-end=\"304\">Centre Bureautique<\/strong> accompagne les entreprises dans la <strong data-start=\"340\" data-end=\"383\">gestion intelligente de leurs documents<\/strong> et l\u2019<strong data-start=\"389\" data-end=\"439\">optimisation de leur environnement bureautique<\/strong>.<\/h3><p class=\"\" data-start=\"444\" data-end=\"708\">Sp\u00e9cialistes de la <strong data-start=\"463\" data-end=\"511\">vente et location de copieurs professionnels<\/strong> (Canon, Ricoh, Kyocera, Sharp), nous proposons aussi des <strong data-start=\"569\" data-end=\"605\">solutions logicielles puissantes<\/strong> pour la gestion documentaire, la num\u00e9risation, l\u2019archivage et l\u2019automatisation des flux d\u2019information.<\/p><p class=\"\" data-start=\"710\" data-end=\"925\">Notre force : une <strong data-start=\"728\" data-end=\"751\">\u00e9quipe exp\u00e9riment\u00e9e<\/strong>, proche de ses clients, qui combine expertise technique, accompagnement personnalis\u00e9 et services rapides \u2014 sur place ou \u00e0 distance.<\/p><h3 class=\"\" data-start=\"927\" data-end=\"954\"><img decoding=\"async\" class=\"emoji\" role=\"img\" draggable=\"false\" src=\"https:\/\/s.w.org\/images\/core\/emoji\/17.0.2\/svg\/1f3af.svg\" alt=\"\ud83c\udfaf\" \/> <strong data-start=\"934\" data-end=\"954\">Notre engagement<\/strong><\/h3><ul data-start=\"955\" data-end=\"1163\"><li class=\"\" data-start=\"955\" data-end=\"998\"><p class=\"\" data-start=\"957\" data-end=\"998\">Des solutions adapt\u00e9es \u00e0 chaque structure<\/p><\/li><li class=\"\" data-start=\"999\" data-end=\"1046\"><p class=\"\" data-start=\"1001\" data-end=\"1046\">Une qualit\u00e9 de service constante et proactive<\/p><\/li><li class=\"\" data-start=\"1047\" data-end=\"1106\"><p class=\"\" data-start=\"1049\" data-end=\"1106\">Un accompagnement de A \u00e0 Z, de l\u2019analyse \u00e0 la maintenance<\/p><\/li><li class=\"\" data-start=\"1107\" data-end=\"1163\"><p class=\"\" data-start=\"1109\" data-end=\"1163\">Un partenariat bas\u00e9 sur la confiance et la performance<\/p><\/li><\/ul><p class=\"\" data-start=\"1165\" data-end=\"1310\"><strong data-start=\"1165\" data-end=\"1310\">Centre Bureautique, c\u2019est plus qu\u2019un fournisseur: c\u2019est un partenaire de confiance pour vos projets d\u2019impression et de gestion documentaire.<\/strong><\/p>\t\t\t\t\t\t\t\t<\/div>\n\t\t\t\t<\/div>\n\t\t\t\t\t<\/div>\n\t\t\t\t<\/div>\n\t\t<div class=\"elementor-element elementor-element-77154c1 e-flex e-con-boxed e-con e-parent\" data-id=\"77154c1\" data-element_type=\"container\" data-e-type=\"container\">\n\t\t\t\t\t<div class=\"e-con-inner\">\n\t\t\t\t<div class=\"elementor-element elementor-element-dcee57f elementor-widget elementor-widget-spacer\" data-id=\"dcee57f\" data-element_type=\"widget\" data-e-type=\"widget\" data-widget_type=\"spacer.default\">\n\t\t\t\t<div class=\"elementor-widget-container\">\n\t\t\t\t\t\t\t<div class=\"elementor-spacer\">\n\t\t\t<div class=\"elementor-spacer-inner\"><\/div>\n\t\t<\/div>\n\t\t\t\t\t\t<\/div>\n\t\t\t\t<\/div>\n\t\t\t\t\t<\/div>\n\t\t\t\t<\/div>\n\t\t\t\t<section class=\"elementor-section elementor-top-section elementor-element elementor-element-bf43b97 elementor-section-stretched elementor-section-boxed elementor-section-height-default elementor-section-height-default\" data-id=\"bf43b97\" data-element_type=\"section\" data-e-type=\"section\" data-settings=\"{&quot;stretch_section&quot;:&quot;section-stretched&quot;,&quot;background_background&quot;:&quot;classic&quot;}\">\n\t\t\t\t\t\t\t<div class=\"elementor-background-overlay\"><\/div>\n\t\t\t\t\t\t\t<div class=\"elementor-container elementor-column-gap-no\">\n\t\t\t\t\t<div class=\"elementor-column elementor-col-100 elementor-top-column elementor-element elementor-element-18490f1\" data-id=\"18490f1\" data-element_type=\"column\" data-e-type=\"column\" data-settings=\"{&quot;background_background&quot;:&quot;classic&quot;}\">\n\t\t\t<div class=\"elementor-widget-wrap elementor-element-populated\">\n\t\t\t\t\t\t<section class=\"elementor-section elementor-inner-section elementor-element elementor-element-3ab38b3 elementor-section-boxed elementor-section-height-default elementor-section-height-default\" data-id=\"3ab38b3\" data-element_type=\"section\" data-e-type=\"section\">\n\t\t\t\t\t\t<div class=\"elementor-container elementor-column-gap-wider\">\n\t\t\t\t\t<div class=\"elementor-column elementor-col-100 elementor-inner-column elementor-element elementor-element-363d8e2\" data-id=\"363d8e2\" data-element_type=\"column\" data-e-type=\"column\">\n\t\t\t<div class=\"elementor-widget-wrap elementor-element-populated\">\n\t\t\t\t\t\t<div class=\"elementor-element elementor-element-9c14112 elementor-widget__width-initial elementor-widget elementor-widget-heading\" data-id=\"9c14112\" data-element_type=\"widget\" data-e-type=\"widget\" data-widget_type=\"heading.default\">\n\t\t\t\t<div class=\"elementor-widget-container\">\n\t\t\t\t\t<h2 class=\"elementor-heading-title elementor-size-default\">Vous avez des questions? <\/h2>\t\t\t\t<\/div>\n\t\t\t\t<\/div>\n\t\t\t\t<div class=\"elementor-element elementor-element-4c298fc elementor-widget elementor-widget-spacer\" data-id=\"4c298fc\" data-element_type=\"widget\" data-e-type=\"widget\" data-widget_type=\"spacer.default\">\n\t\t\t\t<div class=\"elementor-widget-container\">\n\t\t\t\t\t\t\t<div class=\"elementor-spacer\">\n\t\t\t<div class=\"elementor-spacer-inner\"><\/div>\n\t\t<\/div>\n\t\t\t\t\t\t<\/div>\n\t\t\t\t<\/div>\n\t\t\t\t<div class=\"elementor-element elementor-element-8326e8a elementor-widget__width-initial elementor-button-align-stretch elementor-widget elementor-widget-form\" data-id=\"8326e8a\" data-element_type=\"widget\" data-e-type=\"widget\" data-settings=\"{&quot;step_next_label&quot;:&quot;Next&quot;,&quot;step_previous_label&quot;:&quot;Previous&quot;,&quot;button_width&quot;:&quot;100&quot;,&quot;step_type&quot;:&quot;number_text&quot;,&quot;step_icon_shape&quot;:&quot;circle&quot;}\" data-widget_type=\"form.default\">\n\t\t\t\t<div class=\"elementor-widget-container\">\n\t\t\t\t\t\t\t<form class=\"elementor-form\" method=\"post\" name=\"New Form\" aria-label=\"New Form\">\n\t\t\t<input type=\"hidden\" name=\"post_id\" value=\"5088\"\/>\n\t\t\t<input type=\"hidden\" name=\"form_id\" value=\"8326e8a\"\/>\n\t\t\t<input type=\"hidden\" name=\"referer_title\" value=\"\u00c0 propos de nous - Centre Bureautique Rimouski\" \/>\n\n\t\t\t\t\t\t\t<input type=\"hidden\" name=\"queried_id\" value=\"5088\"\/>\n\t\t\t\n\t\t\t<div class=\"elementor-form-fields-wrapper elementor-labels-\">\n\t\t\t\t\t\t\t\t<div class=\"elementor-field-type-text elementor-field-group elementor-column elementor-field-group-name elementor-col-50 elementor-field-required\">\n\t\t\t\t\t\t\t\t\t\t\t\t<label for=\"form-field-name\" class=\"elementor-field-label elementor-screen-only\">\n\t\t\t\t\t\t\t\tNom\t\t\t\t\t\t\t<\/label>\n\t\t\t\t\t\t\t\t\t\t\t\t\t\t<input size=\"1\" type=\"text\" name=\"form_fields[name]\" id=\"form-field-name\" class=\"elementor-field elementor-size-lg  elementor-field-textual\" placeholder=\"Entrez votre nom\" required=\"required\">\n\t\t\t\t\t\t\t\t\t\t\t<\/div>\n\t\t\t\t\t\t\t\t<div class=\"elementor-field-type-tel elementor-field-group elementor-column elementor-field-group-field_26afb77 elementor-col-50\">\n\t\t\t\t\t\t\t\t\t\t\t\t<label for=\"form-field-field_26afb77\" class=\"elementor-field-label elementor-screen-only\">\n\t\t\t\t\t\t\t\tT\u00e9l\u00e9phone\t\t\t\t\t\t\t<\/label>\n\t\t\t\t\t\t\t\t<input size=\"1\" type=\"tel\" name=\"form_fields[field_26afb77]\" id=\"form-field-field_26afb77\" class=\"elementor-field elementor-size-lg  elementor-field-textual\" placeholder=\"Num\u00e9ro de t\u00e9l\u00e9phone\" pattern=\"[0-9()#&amp;+*-=.]+\" title=\"Seuls les caract\u00e8res de num\u00e9ros de t\u00e9l\u00e9phone (#, -, *, etc.) sont accept\u00e9s.\">\n\n\t\t\t\t\t\t<\/div>\n\t\t\t\t\t\t\t\t<div class=\"elementor-field-type-recaptcha_v3 elementor-field-group elementor-column elementor-field-group-field_071b658 elementor-col-100 recaptcha_v3-bottomleft\">\n\t\t\t\t\t<div class=\"elementor-field\" id=\"form-field-field_071b658\"><div class=\"elementor-g-recaptcha\" data-sitekey=\"6LfSmEQsAAAAAMSR-Tprl7IuZqdrYdf7CIuuwM6P\" data-type=\"v3\" data-action=\"Form\" data-badge=\"bottomleft\" data-size=\"invisible\"><\/div><\/div>\t\t\t\t<\/div>\n\t\t\t\t\t\t\t\t<div class=\"elementor-field-group elementor-column elementor-field-type-submit elementor-col-100 e-form__buttons\">\n\t\t\t\t\t<button class=\"elementor-button elementor-size-lg\" type=\"submit\">\n\t\t\t\t\t\t<span class=\"elementor-button-content-wrapper\">\n\t\t\t\t\t\t\t\t\t\t\t\t\t\t\t<span class=\"elementor-button-icon\">\n\t\t\t\t\t\t\t\t\t<svg aria-hidden=\"true\" class=\"e-font-icon-svg e-fas-phone-alt\" viewBox=\"0 0 512 512\" xmlns=\"http:\/\/www.w3.org\/2000\/svg\"><path d=\"M497.39 361.8l-112-48a24 24 0 0 0-28 6.9l-49.6 60.6A370.66 370.66 0 0 1 130.6 204.11l60.6-49.6a23.94 23.94 0 0 0 6.9-28l-48-112A24.16 24.16 0 0 0 122.6.61l-104 24A24 24 0 0 0 0 48c0 256.5 207.9 464 464 464a24 24 0 0 0 23.4-18.6l24-104a24.29 24.29 0 0 0-14.01-27.6z\"><\/path><\/svg>\t\t\t\t\t\t\t\t\t\t\t\t\t\t\t\t\t<\/span>\n\t\t\t\t\t\t\t\t\t\t\t\t\t\t\t\t\t\t\t\t\t\t<span class=\"elementor-button-text\">Demandez un rappel<\/span>\n\t\t\t\t\t\t\t\t\t\t\t\t\t<\/span>\n\t\t\t\t\t<\/button>\n\t\t\t\t<\/div>\n\t\t\t<\/div>\n\t\t<\/form>\n\t\t\t\t\t\t<\/div>\n\t\t\t\t<\/div>\n\t\t\t\t\t<\/div>\n\t\t<\/div>\n\t\t\t\t\t<\/div>\n\t\t<\/section>\n\t\t\t\t\t<\/div>\n\t\t<\/div>\n\t\t\t\t\t<\/div>\n\t\t<\/section>\n\t\t\t\t<\/div>\n\t\t","protected":false},"excerpt":{"rendered":"<p>Depuis 1988, Centre Bureautique accompagne les entreprises dans la gestion intelligente de leurs documents et l\u2019optimisation de leur environnement bureautique. Sp\u00e9cialistes de la vente et location de copieurs professionnels (Canon, Ricoh, Kyocera, Sharp), nous proposons aussi des solutions logicielles puissantes pour la gestion documentaire, la num\u00e9risation, l\u2019archivage et l\u2019automatisation des flux d\u2019information. Notre force :&hellip;<\/p>\n","protected":false},"author":2,"featured_media":0,"parent":0,"menu_order":0,"comment_status":"closed","ping_status":"closed","template":"","meta":{"footnotes":""},"class_list":["post-5088","page","type-page","status-publish","hentry"],"yoast_head":"<!-- This site is optimized with the Yoast SEO plugin v27.4 - https:\/\/yoast.com\/product\/yoast-seo-wordpress\/ -->\n<title>\u00c0 propos de nous - Centre Bureautique Rimouski<\/title>\n<meta name=\"description\" content=\"Depuis 1988, nous accompagnons les entreprises avec des copieurs performants et des solutions de gestion documentaire efficaces et durables.\" \/>\n<meta name=\"robots\" content=\"index, follow, max-snippet:-1, max-image-preview:large, max-video-preview:-1\" \/>\n<link rel=\"canonical\" href=\"https:\/\/centrebureautique.com\/index.php\/a-propos-de-nous\/\" \/>\n<meta property=\"og:locale\" content=\"fr_FR\" \/>\n<meta property=\"og:type\" content=\"article\" \/>\n<meta property=\"og:title\" content=\"\u00c0 propos de nous - Centre Bureautique Rimouski\" \/>\n<meta property=\"og:description\" content=\"Depuis 1988, nous accompagnons les entreprises avec des copieurs performants et des solutions de gestion documentaire efficaces et durables.\" \/>\n<meta property=\"og:url\" content=\"https:\/\/centrebureautique.com\/index.php\/a-propos-de-nous\/\" \/>\n<meta property=\"og:site_name\" content=\"Centre Bureautique Rimouski\" \/>\n<meta property=\"article:publisher\" content=\"https:\/\/www.facebook.com\/centrebureautique\" \/>\n<meta property=\"article:modified_time\" content=\"2026-01-09T13:11:25+00:00\" \/>\n<meta property=\"og:image\" content=\"http:\/\/centrebureautique.com\/wp-content\/uploads\/2025\/12\/CentreBureautique_056_web150dpi-scaled-e1764786068880-1536x1257.jpg\" \/>\n<meta name=\"twitter:card\" content=\"summary_large_image\" \/>\n<meta name=\"twitter:label1\" content=\"Dur\u00e9e de lecture estim\u00e9e\" \/>\n\t<meta name=\"twitter:data1\" content=\"2 minutes\" \/>\n<script type=\"application\/ld+json\" class=\"yoast-schema-graph\">{\"@context\":\"https:\\\/\\\/schema.org\",\"@graph\":[{\"@type\":\"WebPage\",\"@id\":\"https:\\\/\\\/centrebureautique.com\\\/index.php\\\/a-propos-de-nous\\\/\",\"url\":\"https:\\\/\\\/centrebureautique.com\\\/index.php\\\/a-propos-de-nous\\\/\",\"name\":\"\u00c0 propos de nous - Centre Bureautique Rimouski\",\"isPartOf\":{\"@id\":\"https:\\\/\\\/centrebureautique.com\\\/#website\"},\"primaryImageOfPage\":{\"@id\":\"https:\\\/\\\/centrebureautique.com\\\/index.php\\\/a-propos-de-nous\\\/#primaryimage\"},\"image\":{\"@id\":\"https:\\\/\\\/centrebureautique.com\\\/index.php\\\/a-propos-de-nous\\\/#primaryimage\"},\"thumbnailUrl\":\"http:\\\/\\\/centrebureautique.com\\\/wp-content\\\/uploads\\\/2025\\\/12\\\/CentreBureautique_056_web150dpi-scaled-e1764786068880-1536x1257.jpg\",\"datePublished\":\"2025-04-03T21:23:45+00:00\",\"dateModified\":\"2026-01-09T13:11:25+00:00\",\"description\":\"Depuis 1988, nous accompagnons les entreprises avec des copieurs performants et des solutions de gestion documentaire efficaces et durables.\",\"breadcrumb\":{\"@id\":\"https:\\\/\\\/centrebureautique.com\\\/index.php\\\/a-propos-de-nous\\\/#breadcrumb\"},\"inLanguage\":\"fr-FR\",\"potentialAction\":[{\"@type\":\"ReadAction\",\"target\":[\"https:\\\/\\\/centrebureautique.com\\\/index.php\\\/a-propos-de-nous\\\/\"]}]},{\"@type\":\"ImageObject\",\"inLanguage\":\"fr-FR\",\"@id\":\"https:\\\/\\\/centrebureautique.com\\\/index.php\\\/a-propos-de-nous\\\/#primaryimage\",\"url\":\"https:\\\/\\\/centrebureautique.com\\\/wp-content\\\/uploads\\\/2025\\\/12\\\/CentreBureautique_056_web150dpi-scaled-e1764786068880.jpg\",\"contentUrl\":\"https:\\\/\\\/centrebureautique.com\\\/wp-content\\\/uploads\\\/2025\\\/12\\\/CentreBureautique_056_web150dpi-scaled-e1764786068880.jpg\",\"width\":2022,\"height\":1655},{\"@type\":\"BreadcrumbList\",\"@id\":\"https:\\\/\\\/centrebureautique.com\\\/index.php\\\/a-propos-de-nous\\\/#breadcrumb\",\"itemListElement\":[{\"@type\":\"ListItem\",\"position\":1,\"name\":\"Accueil\",\"item\":\"https:\\\/\\\/centrebureautique.com\\\/\"},{\"@type\":\"ListItem\",\"position\":2,\"name\":\"\u00c0 propos de nous\"}]},{\"@type\":\"WebSite\",\"@id\":\"https:\\\/\\\/centrebureautique.com\\\/#website\",\"url\":\"https:\\\/\\\/centrebureautique.com\\\/\",\"name\":\"Centre Bureautique\",\"description\":\"Des solutions d\u2019impression et de gestion documentaire qui travaillent pour vous\",\"publisher\":{\"@id\":\"https:\\\/\\\/centrebureautique.com\\\/#organization\"},\"potentialAction\":[{\"@type\":\"SearchAction\",\"target\":{\"@type\":\"EntryPoint\",\"urlTemplate\":\"https:\\\/\\\/centrebureautique.com\\\/?s={search_term_string}\"},\"query-input\":{\"@type\":\"PropertyValueSpecification\",\"valueRequired\":true,\"valueName\":\"search_term_string\"}}],\"inLanguage\":\"fr-FR\"},{\"@type\":\"Organization\",\"@id\":\"https:\\\/\\\/centrebureautique.com\\\/#organization\",\"name\":\"Centre Bureautique\",\"url\":\"https:\\\/\\\/centrebureautique.com\\\/\",\"logo\":{\"@type\":\"ImageObject\",\"inLanguage\":\"fr-FR\",\"@id\":\"https:\\\/\\\/centrebureautique.com\\\/#\\\/schema\\\/logo\\\/image\\\/\",\"url\":\"http:\\\/\\\/centrebureautique.com\\\/wp-content\\\/uploads\\\/2025\\\/03\\\/CentreBureautiqueCOUL.png\",\"contentUrl\":\"http:\\\/\\\/centrebureautique.com\\\/wp-content\\\/uploads\\\/2025\\\/03\\\/CentreBureautiqueCOUL.png\",\"width\":1950,\"height\":750,\"caption\":\"Centre Bureautique\"},\"image\":{\"@id\":\"https:\\\/\\\/centrebureautique.com\\\/#\\\/schema\\\/logo\\\/image\\\/\"},\"sameAs\":[\"https:\\\/\\\/www.facebook.com\\\/centrebureautique\"]}]}<\/script>\n<!-- \/ Yoast SEO plugin. -->","yoast_head_json":{"title":"\u00c0 propos de nous - Centre Bureautique Rimouski","description":"Depuis 1988, nous accompagnons les entreprises avec des copieurs performants et des solutions de gestion documentaire efficaces et durables.","robots":{"index":"index","follow":"follow","max-snippet":"max-snippet:-1","max-image-preview":"max-image-preview:large","max-video-preview":"max-video-preview:-1"},"canonical":"https:\/\/centrebureautique.com\/index.php\/a-propos-de-nous\/","og_locale":"fr_FR","og_type":"article","og_title":"\u00c0 propos de nous - Centre Bureautique Rimouski","og_description":"Depuis 1988, nous accompagnons les entreprises avec des copieurs performants et des solutions de gestion documentaire efficaces et durables.","og_url":"https:\/\/centrebureautique.com\/index.php\/a-propos-de-nous\/","og_site_name":"Centre Bureautique Rimouski","article_publisher":"https:\/\/www.facebook.com\/centrebureautique","article_modified_time":"2026-01-09T13:11:25+00:00","og_image":[{"url":"http:\/\/centrebureautique.com\/wp-content\/uploads\/2025\/12\/CentreBureautique_056_web150dpi-scaled-e1764786068880-1536x1257.jpg","type":"","width":"","height":""}],"twitter_card":"summary_large_image","twitter_misc":{"Dur\u00e9e de lecture estim\u00e9e":"2 minutes"},"schema":{"@context":"https:\/\/schema.org","@graph":[{"@type":"WebPage","@id":"https:\/\/centrebureautique.com\/index.php\/a-propos-de-nous\/","url":"https:\/\/centrebureautique.com\/index.php\/a-propos-de-nous\/","name":"\u00c0 propos de nous - Centre Bureautique Rimouski","isPartOf":{"@id":"https:\/\/centrebureautique.com\/#website"},"primaryImageOfPage":{"@id":"https:\/\/centrebureautique.com\/index.php\/a-propos-de-nous\/#primaryimage"},"image":{"@id":"https:\/\/centrebureautique.com\/index.php\/a-propos-de-nous\/#primaryimage"},"thumbnailUrl":"http:\/\/centrebureautique.com\/wp-content\/uploads\/2025\/12\/CentreBureautique_056_web150dpi-scaled-e1764786068880-1536x1257.jpg","datePublished":"2025-04-03T21:23:45+00:00","dateModified":"2026-01-09T13:11:25+00:00","description":"Depuis 1988, nous accompagnons les entreprises avec des copieurs performants et des solutions de gestion documentaire efficaces et durables.","breadcrumb":{"@id":"https:\/\/centrebureautique.com\/index.php\/a-propos-de-nous\/#breadcrumb"},"inLanguage":"fr-FR","potentialAction":[{"@type":"ReadAction","target":["https:\/\/centrebureautique.com\/index.php\/a-propos-de-nous\/"]}]},{"@type":"ImageObject","inLanguage":"fr-FR","@id":"https:\/\/centrebureautique.com\/index.php\/a-propos-de-nous\/#primaryimage","url":"https:\/\/centrebureautique.com\/wp-content\/uploads\/2025\/12\/CentreBureautique_056_web150dpi-scaled-e1764786068880.jpg","contentUrl":"https:\/\/centrebureautique.com\/wp-content\/uploads\/2025\/12\/CentreBureautique_056_web150dpi-scaled-e1764786068880.jpg","width":2022,"height":1655},{"@type":"BreadcrumbList","@id":"https:\/\/centrebureautique.com\/index.php\/a-propos-de-nous\/#breadcrumb","itemListElement":[{"@type":"ListItem","position":1,"name":"Accueil","item":"https:\/\/centrebureautique.com\/"},{"@type":"ListItem","position":2,"name":"\u00c0 propos de nous"}]},{"@type":"WebSite","@id":"https:\/\/centrebureautique.com\/#website","url":"https:\/\/centrebureautique.com\/","name":"Centre Bureautique","description":"Des solutions d\u2019impression et de gestion documentaire qui travaillent pour vous","publisher":{"@id":"https:\/\/centrebureautique.com\/#organization"},"potentialAction":[{"@type":"SearchAction","target":{"@type":"EntryPoint","urlTemplate":"https:\/\/centrebureautique.com\/?s={search_term_string}"},"query-input":{"@type":"PropertyValueSpecification","valueRequired":true,"valueName":"search_term_string"}}],"inLanguage":"fr-FR"},{"@type":"Organization","@id":"https:\/\/centrebureautique.com\/#organization","name":"Centre Bureautique","url":"https:\/\/centrebureautique.com\/","logo":{"@type":"ImageObject","inLanguage":"fr-FR","@id":"https:\/\/centrebureautique.com\/#\/schema\/logo\/image\/","url":"http:\/\/centrebureautique.com\/wp-content\/uploads\/2025\/03\/CentreBureautiqueCOUL.png","contentUrl":"http:\/\/centrebureautique.com\/wp-content\/uploads\/2025\/03\/CentreBureautiqueCOUL.png","width":1950,"height":750,"caption":"Centre Bureautique"},"image":{"@id":"https:\/\/centrebureautique.com\/#\/schema\/logo\/image\/"},"sameAs":["https:\/\/www.facebook.com\/centrebureautique"]}]}},"jetpack_sharing_enabled":true,"_links":{"self":[{"href":"https:\/\/centrebureautique.com\/index.php\/wp-json\/wp\/v2\/pages\/5088","targetHints":{"allow":["GET"]}}],"collection":[{"href":"https:\/\/centrebureautique.com\/index.php\/wp-json\/wp\/v2\/pages"}],"about":[{"href":"https:\/\/centrebureautique.com\/index.php\/wp-json\/wp\/v2\/types\/page"}],"author":[{"embeddable":true,"href":"https:\/\/centrebureautique.com\/index.php\/wp-json\/wp\/v2\/users\/2"}],"replies":[{"embeddable":true,"href":"https:\/\/centrebureautique.com\/index.php\/wp-json\/wp\/v2\/comments?post=5088"}],"version-history":[{"count":40,"href":"https:\/\/centrebureautique.com\/index.php\/wp-json\/wp\/v2\/pages\/5088\/revisions"}],"predecessor-version":[{"id":6128,"href":"https:\/\/centrebureautique.com\/index.php\/wp-json\/wp\/v2\/pages\/5088\/revisions\/6128"}],"wp:attachment":[{"href":"https:\/\/centrebureautique.com\/index.php\/wp-json\/wp\/v2\/media?parent=5088"}],"curies":[{"name":"wp","href":"https:\/\/api.w.org\/{rel}","templated":true}]}}